{"id":968,"date":"2024-11-14T13:57:53","date_gmt":"2024-11-14T13:57:53","guid":{"rendered":"https:\/\/martinhansenhaug.com\/?page_id=968"},"modified":"2024-11-14T14:02:51","modified_gmt":"2024-11-14T14:02:51","slug":"jasenkorjaus","status":"publish","type":"page","link":"https:\/\/martinhansenhaug.com\/?page_id=968","title":{"rendered":"J\u00e4senkorjaus"},"content":{"rendered":"\n<figure class=\"wp-block-image size-large is-resized\"><img loading=\"lazy\" decoding=\"async\" width=\"768\" height=\"1024\" src=\"https:\/\/martinhansenhaug.com\/wp-content\/uploads\/2024\/11\/IM000567-768x1024.jpg\" alt=\"\" class=\"wp-image-969\" style=\"width:188px;height:auto\" srcset=\"https:\/\/martinhansenhaug.com\/wp-content\/uploads\/2024\/11\/IM000567-768x1024.jpg 768w, https:\/\/martinhansenhaug.com\/wp-content\/uploads\/2024\/11\/IM000567-225x300.jpg 225w, https:\/\/martinhansenhaug.com\/wp-content\/uploads\/2024\/11\/IM000567-1152x1536.jpg 1152w, https:\/\/martinhansenhaug.com\/wp-content\/uploads\/2024\/11\/IM000567.jpg 1536w\" sizes=\"auto, (max-width: 768px) 100vw, 768px\" \/><figcaption class=\"wp-element-caption\">IM000567.JPG<\/figcaption><\/figure>\n\n\n\n<p><strong>J\u00e4senkorjaushoidossa hoidetaan kehon tukirakenteiden virheasennoista aiheutuvia kiputiloja ja aineenvaihduntah\u00e4iri\u00f6it\u00e4 eli tuki- ja liikuntaelinongelmia ja niist\u00e4 johtuvia erilaisia ongelmia. Hoito tapahtuu tieteellisesti ja k\u00e4yt\u00e4nn\u00f6ss\u00e4 hyv\u00e4ksi todetulla suomalaisella pehmytkudosk\u00e4sittelyll\u00e4, joka tehd\u00e4\u00e4n pehme\u00e4sti kudoksia kuunnellen.<\/strong><\/p>\n\n\n\n<p><strong>Hoidollisina l\u00e4ht\u00f6kohtina ovat tukirakenteiden, kuten lihaskalvoketjujen ja nivelten ja niist\u00e4 aiheutuvat hermotuksen sek\u00e4 aineenvaihdunnan toimintah\u00e4iri\u00f6t.<\/strong><\/p>\n\n\n\n<p><strong>Hinta: Maksu k\u00e4ytetyn ajan mukaan 20-70\u20ac<\/strong><\/p>\n\n\n\n<p><strong>K\u00e4teinen tai Mobilepay<\/strong><\/p>\n","protected":false},"excerpt":{"rendered":"<p>J\u00e4senkorjaushoidossa hoidetaan kehon tukirakenteiden virheasennoista aiheutuvia kiputiloja ja aineenvaihduntah\u00e4iri\u00f6it\u00e4 eli tuki- ja liikuntaelinongelmia ja niist\u00e4 johtuvia erilaisia ongelmia. Hoito tapahtuu tieteellisesti ja k\u00e4yt\u00e4nn\u00f6ss\u00e4 hyv\u00e4ksi todetulla suomalaisella pehmytkudosk\u00e4sittelyll\u00e4, joka tehd\u00e4\u00e4n pehme\u00e4sti kudoksia kuunnellen. Hoidollisina l\u00e4ht\u00f6kohtina ovat tukirakenteiden, kuten lihaskalvoketjujen ja nivelten &hellip; <a href=\"https:\/\/martinhansenhaug.com\/?page_id=968\">Lue loppuun <span class=\"meta-nav\">&rarr;<\/span><\/a><\/p>\n","protected":false},"author":1,"featured_media":0,"parent":0,"menu_order":0,"comment_status":"closed","ping_status":"closed","template":"","meta":{"footnotes":""},"class_list":["post-968","page","type-page","status-publish","hentry"],"_links":{"self":[{"href":"https:\/\/martinhansenhaug.com\/index.php?rest_route=\/wp\/v2\/pages\/968","targetHints":{"allow":["GET"]}}],"collection":[{"href":"https:\/\/martinhansenhaug.com\/index.php?rest_route=\/wp\/v2\/pages"}],"about":[{"href":"https:\/\/martinhansenhaug.com\/index.php?rest_route=\/wp\/v2\/types\/page"}],"author":[{"embeddable":true,"href":"https:\/\/martinhansenhaug.com\/index.php?rest_route=\/wp\/v2\/users\/1"}],"replies":[{"embeddable":true,"href":"https:\/\/martinhansenhaug.com\/index.php?rest_route=%2Fwp%2Fv2%2Fcomments&post=968"}],"version-history":[{"count":3,"href":"https:\/\/martinhansenhaug.com\/index.php?rest_route=\/wp\/v2\/pages\/968\/revisions"}],"predecessor-version":[{"id":974,"href":"https:\/\/martinhansenhaug.com\/index.php?rest_route=\/wp\/v2\/pages\/968\/revisions\/974"}],"wp:attachment":[{"href":"https:\/\/martinhansenhaug.com\/index.php?rest_route=%2Fwp%2Fv2%2Fmedia&parent=968"}],"curies":[{"name":"wp","href":"https:\/\/api.w.org\/{rel}","templated":true}]}}